prime factors of w(q)?
7, 23
Let i(p) = 17*p - 12. Let b be i(7). Let t = -46 + b. List the prime factors of t.
61
Suppose -7 = z - 3*t, 4*t = -4*z + 11 + 9. Suppose 0*b - b + 135 = f, z*f - b = 264. Suppose j = -j - x + f, -3*j = -2*x - 182. List the prime factors of j.
2
Suppose -670052 + 220272 = -310*n + 290*n. List the prime factors of n.
43, 523
Suppose r + 5*t = -1450, -15*r + 14*r + t = 1444. Let n = -850 - r. List the prime factors of n.
5, 7, 17
Let v = -719 + 717. What are the prime factors of (-3 - -2)/(v*(-8)/(-24656))?
23, 67
Let t be (-86)/6 + (-2)/3. Let u = t - -18. Suppose -u*b - 2*x = b - 58, -4*b + 3*x = -83. What are the prime factors of b?
17
Suppose 4*g = 420 + 1240. Let f = g - -126. What are the prime factors of f?
541
Suppose -6*r = -16 - 8. Suppose 4*h = r*d + 3488, -h - d = d - 860. What are the prime factors of h?
2, 7, 31
Suppose 2*p - 2*d - 23894 = 0, 2*p = 7*p - 4*d - 59732. List the prime factors of p.
2, 1493
Suppose -30079 + 907934 = 11*t. List the prime factors of t.
5, 11, 1451
Suppose -19*t - 6*t + 728655 = 6*t. List the prime factors of t.
3, 5, 1567
Suppose 12*x = -369 - 2799. Let r = x - -629. What are the prime factors of r?
5, 73
Suppose 4*o - 144 - 137 = -5*y, 62 = y - 5*o. Suppose -32*k = -y*k + 10150. List the prime factors of k.
2, 7, 29
Suppose a = -4*s - 2*a + 51243, -s + 12832 = 5*a. What are the prime factors of s?
3, 1423
Let w = -11 - -83. Let h = w - 70. Suppose -n = -1 + 2, -2*n = h*o - 490. What are the prime factors of o?
2, 3, 41
Suppose 28183*x - 28192*x = -183852. What are the prime factors of x?
2, 5107
Let m be (-9)/(-6)*(-20)/6. What are the prime factors of 0 + (5 + m - -196)?
2, 7
Let i = 11952 - 3433. What are the prime factors of i?
7, 1217
Let v = -32823 + 47946. List the prime factors of v.
3, 71
Suppose 55558 = 4*w + 2*m, -5*w + 3*m + 74387 - 4923 = 0. List the prime factors of w.
29, 479
What are the prime factors of 8/(-16) - (-19612 + 1/4*6)?
2, 5, 37, 53
Let m(z) be the third derivative of -z**4/24 + 19*z**3/6 - 14*z**2. Let a be m(9). What are the prime factors of a*6/15 + 11?
3, 5
Suppose -w = -3, 0 = -4*i - w + 2 + 5. List the prime factors of (-695504)/(-748) - i/11*-2.
2, 3, 5, 31
Suppose -a - 5*z = -26743, -5*z = -3*a + 82854 - 2725. List the prime factors of a.
2, 3, 61, 73
Let u(n) = 72*n - 34. Let m(z) = -z**2 - 14*z - 35. Let g be m(-10). What are the prime factors of u(g)?
2, 163
Suppose 71466 = 7*l + 23012. What are the prime factors of l?
2, 3461
Let v(h) = -3*h**3 + 5*h**2 - 2*h + 1. Let l(i) = 5*i**3 - 9*i**2 + 4*i - 2. Let c(o) = 4*l(o) + 7*v(o). What are the prime factors of c(-3)?
11
List the prime factors of 4786287/77 + (-3)/(-7).
2, 3, 5, 7, 37
Let f(r) = -159*r - 665. Let h be f(-5). Suppose -5*i = 4*b - 141, i - 143 = -4*b - 6. Let w = b + h. List the prime factors of w.
2, 41
Suppose 35 - 27 = -2*j. Let f be (1*j)/((1 - -3) + -6). Suppose 0*d = f*p + 2*d - 70, p = 2*d + 26. List the prime factors of p.
2
Let c(n) = -423*n - 46. Suppose -4*f - 5 = -5*l, 6*l = 4*f + 2*l + 8. List the prime factors of c(f).
2069
Suppose 0 + 9 = p. Suppose 5*u = p*u - 44. What are the prime factors of u/33*(0 + 48)?
2
Suppose 27 = -3*a - 9. Let w be a/(-9)*9/4. List the prime factors of w*6*(-32)/(-48).
2, 3
Let a = -173 - -297. Suppose -3*z + a = -383. Suppose 4*c - 5*m = 168 + z, -5*c + 446 = 2*m. What are the prime factors of c?
2, 11
List the prime factors of 1852/(-10)*25*70/(-50).
2, 7, 463
Let r(x) = 14*x**2 - 54*x + 8. Let n be (21/(-14))/((-4)/16). List the prime factors of r(n).
2, 47
Let q(b) be the second derivative of b**5/20 + b**4/12 - 17*b**3/6 + b**2/2 + 193*b - 1. List the prime factors of q(6).
151
Let z be 25*(2 + 70/(-25)). Let g = 23 + z. Suppose g*n = 6*n - 219. List the prime factors of n.
73
Suppose 2*r - 2325 = -3*o, -6*r + 2*o - 3490 = -9*r. Suppose 5949 = 5*x + r. What are the prime factors of x?
3, 11, 29
Let h be (1/(-2))/(20/320). Let d(t) = -42*t + 32. What are the prime factors of d(h)?
2, 23
Suppose -11*p = -12*p + 12. Suppose r - p = -15. What are the prime factors of 477/6*(-2)/r?
53
Suppose -2*l = -10, -2*v + 180*l = 182*l - 10338. What are the prime factors of v?
2, 1291
Let l(b) = 2*b**3 - b**2 + 3*b + 3. Let x be l(5). Let c = -344 + x. Let f = c - -162. What are the prime factors of f?
61
Let c(y) = 32*y**2 + 173*y - 2409. What are the prime factors of c(13)?
2, 41
Let v = 71 + -67. Suppose 0 = -0*p + v*p - 1020. Let c = -113 + p. List the prime factors of c.
2, 71
Suppose -8 = -5*z + 2. Suppose z*i + 2*b - 572 = 0, 0 = 5*i - 4*b - 1861 + 422. What are the prime factors of i?
7, 41
Let z(v) = -v**2 + 7*v - 6. Let f be z(6). Suppose 2*a - 32 + 10 = 0. Suppose f = -a*o + 69 + 382. List the prime factors of o.
41
Let f(m) = -12*m**2 - 113*m - 25. Let s(h) = 13*h**2 + 112*h + 26. Let c(i) = -3*f(i) - 2*s(i). What are the prime factors of c(-16)?
743
Let i = 446 + -179. Let a = i - -62. List the prime factors of a.
7, 47
Let i(u) = 3*u**2 - 24*u - 19. Let l(c) = -18*c + 75. Let f be l(5). List the prime factors of i(f).
2, 127
Let q(w) = 37*w**2 - 10*w - 3. Let z be q(5). Let c = 2092 - z. List the prime factors of c.
2, 5, 61
Suppose 5*n + 58927 = 3*s, -s + 63*n - 65*n + 19668 = 0. What are the prime factors of s?
2, 31, 317
Let b = 204 + -13. Let u = b + 437. What are the prime factors of u?
2, 157
Let q be -28 + (-6)/(-4) + 10/(-20). Suppose 91 = -3*x - 89. Let z = q - x. List the prime factors of z.
3, 11
Let l = -22879 + 49451. List the prime factors of l.
2, 7, 13, 73
Let w = -141 + 184. Suppose w*v - 5640 = 35*v. What are the prime factors of v?
3, 5, 47
Let h(p) = 30*p**3 + 15*p**2 - 164*p + 405. List the prime factors of h(13).
2, 33359
Suppose -3*y = 3, 4*b + 6*y + 60 = 2*y. List the prime factors of 30/b - -2 - (-70224)/49.
1433
Let m(h) = -7*h**2 - 14*h - 15. Let k(o) = -8*o**2 - 14*o - 15. Let u(q) = 5*k(q) - 6*m(q). Let s be u(-6). Suppose 92 + 10 = s*b. List the prime factors of b.
2, 17
Let y = 43 - 36. Let g be 30/(-20) - y/(-2). Suppose 0 = -p + g*c + 5 + 24, c + 43 = 2*p. What are the prime factors of p?
19
Let h(x) = 23*x**2 - 345*x + 363. List the prime factors of h(47).
5, 6991
Let d(p) = 1 + 0 + 0 - 51*p - 13*p. Let g be d(-3). Let q = -51 + g. List the prime factors of q.
2, 71
Let g be (12/(-6))/((-6)/9). Suppose g*n - 69 = 63. What are the prime factors of (-1)/((-4)/4)*n?
2, 11
Suppose 0 = -7*t - 337 + 1240. Suppose t*s + 1220 = 134*s. Suppose -3*f = -5*y - 349, 2*f + 48 = -4*y + s. List the prime factors of f.
2, 3
Let o be ((-6)/1)/((-44)/22). Suppose -o*p - a = -65, 4*p - 7*a - 90 = -5*a. List the prime factors of p.
2, 11
Let n be (3 - 1)/(2/(-3)) + 15. Let f be 0 - (45/n + -4)*-12. List the prime factors of f/2*-1 + 98/4.
2, 13
Let h be 84/(-28) - (2 - 4). List the prime factors of h*(7 - (98 - 5)).
2, 43
Let o = -151 - -155. Suppose 3*m - 390 = -0*k + 4*k, o*m - 4*k - 516 = 0. What are the prime factors of m?
2, 3, 7
Let s be -3 - -10*(0 + (-8)/(-20)). Suppose -23 = -o + 4*t + s, -3*o - 2*t = -30. What are the prime factors of o?
2, 3
Let l = 134 + 7214. What are the prime factors of l?
2, 11, 167
Suppose 4*c + 80 - 68 = 0. Let l(q) = -2*q**2 + q + 3. Let f be l(c). List the prime factors of (7164/(-15))/(-4) + f/45.
7, 17
Suppose -9*n + 35*n + 15996 = 70180. What are the prime factors of n?
2, 521
Let r(p) = -18*p - 13. Let z be r(-20). What are the prime factors of z + 4*3/8*2?
2, 5, 7
Suppose -4911 = -44*l + 33237. What are the prime factors of l?
3, 17
What are the prime factors of (-8 + 7)*-25*1214/5?
2, 5, 607
Let t(u) = -2*u**2 - 17*u + 14. Let h be t(-7). Suppose 0 = 2*w + 4*a - 66, h = 2*w - 5*a - 31. What are the prime factors of w?
3, 11
Suppose 3*u = 2*k - 0*u - 9, 5*k - 14 = -u. Let w be (-3 + 2)/(k/(-12)). Suppose -w*m + 590 = m. List the prime factors of m.
2, 59
Suppose -2*c + 5*y = -367, -y = -2*c - 87 + 458. What are the prime factors of c?
2, 3, 31
Let b(i) = -22*i + 633. Suppose -96*z = -94*z. List the prime factors of b(z).
3, 211
Let b(v) = -228*v + 300. List the prime factors of b(-16).
2, 3, 7, 47
Let o = 102 - -344. Suppose 5*g - 742 = -2*l, 2*l - 4*l = 3*g - o. What are the prime factors of g?
2, 37
Suppose 30*g - 2*g - 10979 - 43089 = 0. What are the prime factors of g